{"id":464,"date":"2016-02-17T20:23:59","date_gmt":"2016-02-17T19:23:59","guid":{"rendered":"http:\/\/www.imkerverein-probstei.de\/?page_id=464"},"modified":"2016-03-20T22:12:20","modified_gmt":"2016-03-20T21:12:20","slug":"immenschuur","status":"publish","type":"page","link":"https:\/\/www.imkerverein-probstei.de\/?page_id=464","title":{"rendered":"Immenschuur"},"content":{"rendered":"<p><strong>Een Immenschuur bie dat Museum in Sch\u00f6nbarg<\/strong><\/p>\n<p>&nbsp;<\/p>\n<p>Auf dem ehemaligen \u201eG\u00f6ttschenhof\u201c, dem heutigen lebendigen <strong>Probstei Museum in<\/strong> <strong>Sch\u00f6nberg<\/strong>, wird wieder wie in fr\u00fcheren Zeiten geimkert. Die Museumsimkerei betreibt der Imker Gerhard Heide aus Krokau. Es wurden dem Museum aus einem Nachlass alte Beutenteile \u00fcbergeben. Die Teile wurden zugeordnet und begutachtet, danach liebevoll \u00a0restauriert und in einem Bienenschauer aufgestellt.<\/p>\n<p>Der T\u00fcftler Josef Hermann aus Offingen hat diese Bienenwohnungen in den 20-ziger Jahren auf den Markt gebracht. Durch die praktische und unkomplizierte Bearbeitung dieser <strong>\u201eHermannszukunftsbeuten\u201c<\/strong> fand sie damals schnell Einzug in allen Teilen Deutschlands. In dem stabilen Geh\u00e4use befinden sich zwei sogenannte Schubladen, die mit jeweils zw\u00f6lf R\u00e4hmchen variabel mit Brut-, Futter- und Honigwaben best\u00fcckt werden k\u00f6nnen. Durch die Schubladen lassen sich alle Arbeiten an einem Bienenvolk bequem von oben durchf\u00fchren. Vorteilhaft ist auch die M\u00f6glichkeit bis zu drei V\u00f6lker \u00fcbereinander zu stapeln.<\/p>\n<p><strong><em>\u201eW\u00fcllt jie \u00a0wat \u00f6ver Immen weeten oder se bloots mal bekieken, dann koomt to mie an dat Immenschuur un ik wies ju miene Buckfastimmen un de Kassens\u201c,- \u00a0sagt Gerhard Heide.<\/em><\/strong><\/p>\n","protected":false},"excerpt":{"rendered":"<p>Een Immenschuur bie dat Museum in Sch\u00f6nbarg &nbsp; Auf dem ehemaligen \u201eG\u00f6ttschenhof\u201c, dem heutigen lebendigen Probstei Museum in Sch\u00f6nberg, wird wieder wie in fr\u00fcheren Zeiten geimkert. Die Museumsimkerei betreibt der Imker Gerhard Heide aus Krokau. Es wurden dem Museum aus einem Nachlass alte Beutenteile \u00fcbergeben. Die Teile wurden zugeordnet und begutachtet, danach liebevoll \u00a0restauriert und &hellip; <a href=\"https:\/\/www.imkerverein-probstei.de\/?page_id=464\" class=\"more-link\"><span class=\"screen-reader-text\">Immenschuur<\/span> weiterlesen <span class=\"meta-nav\">&rarr;<\/span><\/a><\/p>\n","protected":false},"author":1,"featured_media":498,"parent":91,"menu_order":0,"comment_status":"closed","ping_status":"closed","template":"","meta":{"footnotes":""},"class_list":["post-464","page","type-page","status-publish","has-post-thumbnail","hentry"],"_links":{"self":[{"href":"https:\/\/www.imkerverein-probstei.de\/index.php?rest_route=\/wp\/v2\/pages\/464","targetHints":{"allow":["GET"]}}],"collection":[{"href":"https:\/\/www.imkerverein-probstei.de\/index.php?rest_route=\/wp\/v2\/pages"}],"about":[{"href":"https:\/\/www.imkerverein-probstei.de\/index.php?rest_route=\/wp\/v2\/types\/page"}],"author":[{"embeddable":true,"href":"https:\/\/www.imkerverein-probstei.de\/index.php?rest_route=\/wp\/v2\/users\/1"}],"replies":[{"embeddable":true,"href":"https:\/\/www.imkerverein-probstei.de\/index.php?rest_route=%2Fwp%2Fv2%2Fcomments&post=464"}],"version-history":[{"count":1,"href":"https:\/\/www.imkerverein-probstei.de\/index.php?rest_route=\/wp\/v2\/pages\/464\/revisions"}],"predecessor-version":[{"id":465,"href":"https:\/\/www.imkerverein-probstei.de\/index.php?rest_route=\/wp\/v2\/pages\/464\/revisions\/465"}],"up":[{"embeddable":true,"href":"https:\/\/www.imkerverein-probstei.de\/index.php?rest_route=\/wp\/v2\/pages\/91"}],"wp:featuredmedia":[{"embeddable":true,"href":"https:\/\/www.imkerverein-probstei.de\/index.php?rest_route=\/wp\/v2\/media\/498"}],"wp:attachment":[{"href":"https:\/\/www.imkerverein-probstei.de\/index.php?rest_route=%2Fwp%2Fv2%2Fmedia&parent=464"}],"curies":[{"name":"wp","href":"https:\/\/api.w.org\/{rel}","templated":true}]}}